 a multiple of 29?
True
Is 28025 a multiple of 50?
False
Does 5 divide 87471?
False
Is 395064 a multiple of 165?
False
Does 63 divide 678405?
False
Does 186 divide 1342997?
False
Does 10 divide 5679257?
False
Is 473 a factor of 560978?
True
Is 293886 a multiple of 42?
False
Does 196 divide 1033176?
False
Is 9791 a multiple of 4?
False
Is 12 a factor of 43042?
False
Is 735656 a multiple of 528?
False
Is 70 a factor of 13854540?
True
Is 11 a factor of 354293?
False
Is 334 a factor of 5868647?
False
Is 256938 a multiple of 33?
True
Is 13479 a multiple of 5?
False
Does 25 divide 189050?
True
Is 21 a factor of 467915?
False
Is 332695 a multiple of 115?
True
Does 21 divide 17112396?
True
Is 8 a factor of 27500?
False
Does 328 divide 552680?
True
Does 21 divide 192633?
True
Is 24 a factor of 793930?
False
Is 8 a factor of 328163?
False
Is 345287 a multiple of 17?
True
Does 27 divide 672244?
False
Does 48 divide 224585?
False
Does 242 divide 722854?
True
Does 10 divide 235405?
False
Is 13761 a multiple of 6?
False
Is 144544 a multiple of 277?
False
Is 208740 a multiple of 42?
True
Does 106 divide 267650?
True
Is 667055 a multiple of 241?
False
Is 72673 a multiple of 44?
False
Is 142 a factor of 1288508?
True
Does 605 divide 1111385?
True
Is 232896 a multiple of 48?
True
Does 101 divide 3515002?
True
Is 566150 a multiple of 2?
True
Does 26 divide 1166015?
False
Is 152988 a multiple of 22?
True
Is 519105 a multiple of 40?
False
Does 556 divide 234340?
False
Does 22 divide 17179?
False
Is 36 a factor of 1260424?
False
Is 57 a factor of 311647?
False
Does 7 divide 136745?
True
Does 153 divide 7501?
False
Is 46 a factor of 896954?
True
Is 2448320 a multiple of 160?
True
Does 23 divide 2403677?
False
Is 198 a factor of 40031?
False
Is 12 a factor of 88056?
True
Does 1212 divide 9413664?
False
Is 20 a factor of 1219304?
False
Is 84 a factor of 3451291?
False
Is 622439 a multiple of 337?
True
Is 1037 a factor of 5094583?
False
Is 501930 a multiple of 9?
True
Is 252904 a multiple of 42?
False
Is 5169591 a multiple of 279?
True
Is 7819654 a multiple of 421?
True
Is 4560576 a multiple of 6?
True
Does 15 divide 273850?
False
Is 348001 a multiple of 258?
False
Is 1032408 a multiple of 13?
True
Is 1942488 a multiple of 113?
False
Is 180 a factor of 23646117?
False
Is 5 a factor of 420540?
True
Is 14269 a multiple of 12?
False
Does 50 divide 2720550?
True
Is 26283 a multiple of 7?
False
Is 2710030 a multiple of 17?
False
Is 27196 a multiple of 122?
False
Is 2324724 a multiple of 80?
False
Is 805248 a multiple of 233?
True
Does 174 divide 454054?
False
Is 97 a factor of 293425?
True
Is 11595904 a multiple of 17?
True
Is 165178 a multiple of 66?
False
Is 139960 a multiple of 8?
True
Is 723346 a multiple of 99?
False
Does 8 divide 261413?
False
Does 44 divide 7793148?
True
Does 962 divide 2363634?
True
Is 400 a factor of 155546?
False
Is 19 a factor of 937099?
True
Is 353 a factor of 22016?
False
Is 101673 a multiple of 13?
True
Is 17916 a multiple of 6?
True
Is 1698640 a multiple of 64?
False
Does 82 divide 3320986?
False
Does 130 divide 228849?
False
Is 513956 a multiple of 233?
False
Does 70 divide 242130?
True
Does 319 divide 147378?
True
Does 10 divide 10970?
True
Does 68 divide 295795?
False
Is 14 a factor of 25121883?
False
Does 247 divide 101764?
True
Is 43 a factor of 30142?
False
Does 498 divide 26125476?
False
Is 10484488 a multiple of 8?
True
Is 64 a factor of 2425358?
False
Is 1489950 a multiple of 18?
True
Does 142 divide 100320?
False
Is 6901643 a multiple of 17?
True
Is 390 a factor of 606505?
False
Is 192 a factor of 541440?
True
Does 51 divide 121323?
False
Is 64 a factor of 1398353?
False
Is 288905 a multiple of 25?
False
Is 8211924 a multiple of 84?
True
Is 35 a factor of 1511?
False
Is 2120574 a multiple of 483?
False
Does 7 divide 5941815?
False
Does 12 divide 109531?
False
Does 20 divide 404860?
True
Does 9 divide 17847?
True
Is 45 a factor of 4177980?
True
Is 134086 a multiple of 85?
False
Is 512 a factor of 5875207?
False
Is 39 a factor of 110526?
True
Does 22 divide 29029198?
True
Is 573 a factor of 422473?
False
Is 239 a factor of 9905149?
False
Is 21211497 a multiple of 27?
True
Is 3480575 a multiple of 25?
True
Is 270871 a multiple of 31?
False
Is 373 a factor of 2419428?
False
Does 376 divide 233872?
True
Does 69 divide 3316079?
False
Does 13 divide 112918?
True
Is 5586510 a multiple of 234?
False
Is 36 a factor of 69393?
False
Is 3 a factor of 318971?
False
Does 2 divide 69841?
False
Does 8 divide 10072?
True
Does 56 divide 3475123?
False
Does 85 divide 78285?
True
Is 165 a factor of 610676?
False
Does 7 divide 509530?
True
Is 195 a factor of 8094876?
False
Is 365 a factor of 9960485?
True
Is 3 a factor of 2738454?
True
Is 1006898 a multiple of 374?
False
Is 264 a factor of 298584?
True
Does 235 divide 209855?
True
Does 320 divide 39360?
True
Does 56 divide 118473?
False
Does 456 divide 158232?
True
Is 12312015 a multiple of 841?
False
Is 238 a factor of 229432?
True
Is 180 a factor of 1568700?
True
Does 15 divide 4235790?
True
Does 153 divide 3215498?
False
Is 659223 a multiple of 267?
True
Does 1199 divide 9905869?
False
Is 564953 a multiple of 21?
False
Does 55 divide 106315?
True
Does 7 divide 219885?
False
Is 172 a factor of 164453?
False
Is 766000 a multiple of 20?
True
Does 391 divide 1389134?
False
Is 41448 a multiple of 24?
True
Is 35 a factor of 647990?
True
Does 36 divide 10278?
False
Is 4683248 a multiple of 18?
False
Does 798 divide 601211?
False
Is 238000 a multiple of 340?
True
Is 188619 even?
False
Is 25 a factor of 25582?
False
Does 27 divide 1004994?
True
Is 17 a factor of 944775?
True
Is 207973 a multiple of 14?
False
Is 323 a factor of 1252304?
False
Is 1201682 a multiple of 21?
False
Is 31 a factor of 3985298?
True
Is 11421507 a multiple of 16?
False
Is 2142432 a multiple of 344?
True
Does 9 divide 7992502?
False
Is 5568300 a multiple of 100?
True
Is 332 a factor of 174362?
False
Is 9358720 a multiple of 896?
True
Is 92 a factor of 3359288?
True
Does 8 divide 89352?
True
Is 5 a factor of 33230?
True
Is 207 a factor of 219627?
True
Does 56 divide 9651501?
False
Is 50 a factor of 1997508?
False
Does 155 divide 508710?
True
Is 188 a factor of 9481972?
False
Is 58660 a multiple of 140?
True
Is 3456390 a multiple of 654?
True
Is 102102 a multiple of 187?
True
Does 34 divide 3722840?
False
Does 32 divide 1146853?
False
Is 3141852 a multiple of 139?
False
Does 142 divide 1187339?
False
Is 69 a factor of 672392?
False
Is 13 a factor of 8272186?
True
Does 19 divide 234327?
True
Is 95 a factor of 24794?
False
Is 19811 a multiple of 255?
False
Is 16 a factor of 47296?
True
Is 54 a factor of 396900?
True
Is 2 a factor of 62534?
True
Is 4 a factor of 6262763?
False
Is 119 a factor of 554421?
True
Does 171 divide 150814?
False
Is 2633564 a multiple of 215?
False
Is 279 a factor of 106168?
False
Does 26 divide 3004950?
True
Is 19980 a multiple of 54?
True
Is 41 a factor of 4185403?
True
Is 135099 a multiple of 153?
True
Is 137412 a multiple of 14?
False
Is 414 a factor of 1864656?
True
Does 2 divide 57796?
True
Is 566 a factor of 54165?
False
Is 294 a factor of 1472940?
True
Is 1366490 a multiple of 32?
False
Does 28 divide 2533?
False
Is 49 a factor of 233534?
True
Is 168 a factor of 1963920?
True
Does 97 divide 104495?
False
Is 1059 a factor of 8635086?
True
Is 1415730 a multiple of 41?
True
Is 42 a factor of 1123634?
False
Does 43 divide 438088?
False
Does 82 divide 175229?
False
Does 36 divide 112968?
True
Is 5 a factor of 231471?
False
Is 558 a factor of 1948529?
False
Is 392043 a multiple of 3?
True
Is 11 a factor of 310574?
True
Is 546001 a multiple of 19?
False
Does 23 divide 6141?
True
Is 8 a factor of 60157?
False
Is 46656 a multiple of 243?
True
Does 213 divide 259221?
True
Is 88 a factor of 13640?
True
Does 31 divide 950057?
True
Is 69310 a multiple of 239?
True
Is 271 a factor of 5324608?
True
Does 99 divide 7427574?
True
Does 27 divide 58619?
False
Is 3990608 a multiple of 38?
True
Is 64376 a multiple of 52?
True
Is 5649 a multiple of 2?
False
Does 9 divide 127269?
True
Does 206 divide 1382966?
False
Does 234 divide 2070198?
True
Does 442 divide 1271634?
True
Is 184 a factor of 4416?
True
Does 127 divide 456628?
F